6
What is the units digit of 126976?
6
What is the ten thousands digit of 507569?
0
What is the units digit of 82579?
9
What is the millions digit of 2021696?
2
What is the thousands digit of 1299795?
9
What is the ten thousands digit of 652186?
5
What is the millions digit of 1849546?
1
What is the ten thousands digit of 1452282?
5
What is the ten thousands digit of 946977?
4
What is the millions digit of 2865396?
2
What is the hundreds digit of 20020399?
3
What is the ten thousands digit of 3353303?
5
What is the units digit of 11905399?
9
What is the thousands digit of 551222?
1
What is the millions digit of 1224495?
1
What is the thousands digit of 1221245?
1
What is the ten thousands digit of 11095622?
9
What is the tens digit of 8254999?
9
What is the hundred thousands digit of 2414749?
4
What is the units digit of 3928122?
2
What is the thousands digit of 418743?
8
What is the units digit of 13880778?
8
What is the thousands digit of 48568?
8
What is the tens digit of 901689?
8
What is the units digit of 172250?
0
What is the hundreds digit of 165529?
5
What is the tens digit of 3211749?
4
What is the thousands digit of 958277?
8
What is the units digit of 105244?
4
What is the hundred thousands digit of 115746?
1
What is the units digit of 7218779?
9
What is the units digit of 60016?
6
What is the millions digit of 2477287?
2
What is the units digit of 225996?
6
What is the millions digit of 2890074?
2
What is the millions digit of 1772725?
1
What is the millions digit of 2659893?
2
What is the units digit of 9072017?
7
What is the ten thousands digit of 488988?
8
What is the ten thousands digit of 214409?
1
What is the ten thousands digit of 47722?
4
What is the ten thousands digit of 3731980?
3
What is the ten millions digit of 10369510?
1
What is the thousands digit of 11937068?
7
What is the millions digit of 1312243?
1
What is the thousands digit of 10067091?
7
What is the hundred thousands digit of 650463?
6
What is the ten thousands digit of 8201514?
0
What is the hundreds digit of 93488?
4
What is the thousands digit of 470019?
0
What is the thousands digit of 11823837?
3
What is the tens digit of 11347998?
9
What is the units digit of 806911?
1
What is the hundreds digit of 2832090?
0
What is the thousands digit of 304671?
4
What is the units digit of 271715?
5
What is the millions digit of 1115945?
1
What is the hundred thousands digit of 366378?
3
What is the units digit of 552512?
2
What is the hundreds digit of 956677?
6
What is the tens digit of 207541?
4
What is the ten thousands digit of 5262900?
6
What is the thousands digit of 1473506?
3
What is the tens digit of 322069?
6
What is the hundred thousands digit of 886890?
8
What is the millions digit of 7591553?
7
What is the hundred thousands digit of 203374?
2
What is the hundred thousands digit of 1019937?
0
What is the hundreds digit of 859017?
0
What is the ten thousands digit of 8126484?
2
What is the hundreds digit of 803472?
4
What is the hundreds digit of 1804241?
2
What is the hundred thousands digit of 447420?
4
What is the thousands digit of 732809?
2
What is the hundred thousands digit of 8368488?
3
What is the tens digit of 17000751?
5
What is the ten thousands digit of 281854?
8
What is the ten thousands digit of 2259800?
5
What is the hundred thousands digit of 1861877?
8
What is the millions digit of 2586886?
2
What is the ten thousands digit of 2613869?
1
What is the ten thousands digit of 163012?
6
What is the hundred thousands digit of 3297367?
2
What is the units digit of 209937?
7
What is the tens digit of 110187?
8
What is the units digit of 463171?
1
What is the tens digit of 4159076?
7
What is the hundreds digit of 87888?
8
What is the units digit of 20352575?
5
What is the units digit of 316535?
5
What is the ten millions digit of 18331980?
1
What is the thousands digit of 2038351?
8
What is the hundred thousands digit of 444716?
4
What is the thousands digit of 96423?
6
What is the tens digit of 416492?
9
What is the ten thousands digit of 3818952?
1
What is the hundred thousands digit of 231154?
2
What is the units digit of 14358189?
9
What is the hundred thousands digit of 1337400?
3
What is the thousands digit of 27326067?
6
What is the units digit of 15723890?
0
What is the thousands digit of 2985780?
5
What is the hundreds digit of 2376691?
6
What is the ten thousands digit of 6235359?
3
What is the hundreds digit of 321340?
3
What is the millions digit of 5925964?
5
What is the units digit of 20970?
0
What is the thousands digit of 22196165?
6
What is the ten thousands digit of 209847?
0
What is the hundreds digit of 4617751?
7
What is the ten thousands digit of 220898?
2
What is the hundred thousands digit of 390643?
3
What is the hundreds digit of 517065?
0
What is the hundreds digit of 55691?
6
What is the ten thousands digit of 156383?
5
What is the units digit of 46944?
4
What is the thousands digit of 19423910?
3
What is the units digit of 4398391?
1
What is the hundred thousands digit of 6843658?
8
What is the thousands digit of 629914?
9
What is the hundreds digit of 6199594?
5
What is the units digit of 72980?
0
What is the units digit of 6108?
8
What is the millions digit of 5461426?
5
What is the millions digit of 2745876?
2
What is the hundred thousands digit of 199251?
1
What is the tens digit of 2626040?
4
What is the tens digit of 171118?
1
What is the hundreds digit of 476181?
1
What is the units digit of 343593?
3
What is the ten thousands digit of 245803?
4
What is the tens digit of 99394?
9
What is the ten thousands digit of 307449?
0
What is the thousands digit of 2340463?
0
What is the ten thousands digit of 23684473?
8
What is the ten thousands digit of 1172964?
7
What is the units digit of 1436?
6
What is the ten thousands digit of 84753?
8
What is the tens digit of 2981?
8
What is the tens digit of 20731054?
5
What is the thousands digit of 82936?
2
What is the hundreds digit of 390686?
6
What is the hundreds digit of 338273?
2
What is the hundreds digit of 5927109?
1
What is the units digit of 2445544?
4
What is the hundreds digit of 17923540?
5
What is the tens digit of 222950?
5
What is the hundred thousands digit of 347245?
3
What is the ten thousands digit of 3904358?
0
What is the hundred thousands digit of 8265364?
2
What is the units digit of 10530557?
7
What is the millions digit of 1114587?
1
What is the hundreds digit of 15422222?
2
What is the tens digit of 2857134?
3
What is the hundred thousands digit of 111287?
1
What is the hundreds digit of 519947?
9
What is the ten thousands digit of 5351067?
5
What is the ten millions digit of 22672398?
2
What is the thousands digit of 7028656?
8
What is the thousands digit of 684240?
4
What is the hundreds digit of 1999631?
6
What is the units digit of 44492231?
1
What is the ten thousands digit of 5827349?
2
What is the thousands digit of 6872?
6
What is the hundred thousands digit of 377430?
3
What is the hundred thousands digit of 1283902?
2
What is the tens digit of 23435?
3
What is the units digit of 3351614?
4
What is the ten thousands digit of 485742?
8
What is the millions digit of 14577830?
4
What is the hundred thousands digit of 251162?
2
What is the thousands digit of 805837?
5
What is the tens digit of 740253?
5
What is the hundreds digit of 1446804?
8
What is the hundred thousands digit of 7869347?
8
What is the units digit of 9489855?
5
What is the thousands digit of 1308155?
8
What is the thousands digit of 1643033?
3
What is the tens digit of 63570?
7
What is the thousands digit of 23182?
3
What is the ten thousands digit of 698722?
9
What is the tens digit of 138930?
3
What is the ten millions digit of 13694547?
1
What is the tens digit of 313771?
7
What is the hundreds digit of 918760?
7
What is the millions digit of 7320074?
7
What is the millions digit of 1286962?
1
What is the ten thousands digit of 4676131?
7
What is the ten thousands digit of 319764?
1
What is the millions digit of 5974302?
5
What is the hundreds digit of 147362?
3
What is the ten thousands digit of 4529214?
2
What is the thousands digit of 1713739?
3
What is the units digit of 3306254?
4
What is the units digit of 268095?
5
What is the units digit of 1336961?
1
What